remainder when 179 is divided by r.
23
Let a(z) = z**3 + 7*z**2 + 12*z + 57. Calculate the remainder when 227 is divided by a(0).
56
Let n(w) = 965*w + 8765. Calculate the remainder when 276 is divided by n(-9).
36
Let t(l) = l**2 - 8*l + 1. Let n be t(7). Let r be ((-81)/(-12))/(n/(-16)). Suppose r*a - 14 = 17*a. Calculate the remainder when 49 is divided by a.
7
Let a(o) = o**2 - o + 1. Let b(p) = -5*p**2 + 20*p - 12. Let u(m) = 6*a(m) + b(m). Calculate the remainder when u(-15) is divided by 5.
4
Let m = -29 + 71. Let s(w) = 5*w**2 + 2*w + 1. Let z be s(-1). Suppose -z*j - 1000 = -12*j. Calculate the remainder when j is divided by m.
41
Let j = -440 + 668. Calculate the remainder when (0 - (j - 0))*(-4)/6 is divided by 31.
28
Suppose 3 = 5*w + 3*a, 5*a + 14 = -5*w + 3*w. What is the remainder when (12/(-8))/(w/(-614)) is divided by 7?
6
Suppose 194*s - 215*s = -3276. What is the remainder when 777 is divided by s?
153
Let h = -3390 + 4030. Calculate the remainder when h is divided by 165.
145
Suppose -11*d = 2*u - 10*d - 155, 0 = u - 3*d - 95. Suppose -4*l - u + 188 = 0. What is the remainder when 131 is divided by l?
23
Suppose -3*k + 5*y = -52, -16 = 2*k - 4*y - 48. Suppose -26*m + 22 = -k*m. What is the remainder when m is divided by 2?
1
Suppose 19*v + 1609 = 5*v + 70657. Calculate the remainder when v is divided by 35.
32
Suppose -39*z - 1540 = -29*z. Let b = z + 237. What is the remainder when b is divided by 24?
11
Let m = -90 + 80. Suppose -2*f + 5*z + 14 = -5, f - z = 11. What is the remainder when ((-5)/(m/(-98)) - -4)/(-1) is divided by f?
9
Calculate the remainder when (-20 - (-244)/12) + 460/6 is divided by 21.
14
Suppose 5*b - 66 = 3*k, -4*b + 2*k - k + 50 = 0. Let c(q) = -q**2 + 85*q - 1442. What is the remainder when c(61) is divided by b?
10
Suppose 4*p - 201*t - 465 = -206*t, -t = -4*p + 507. Calculate the remainder when 755 is divided by p.
5
Suppose 0*z + 2*z - 2 = 0, -134 = -s + 5*z. Suppose -3*r + 45 = 4*b, 0 = -5*b + 573*r - 574*r + 59. What is the remainder when s is divided by b?
7
Suppose 21169 = 41*b - 18655 - 643. Calculate the remainder when b is divided by 73.
38
What is the remainder when 1095 is divided by (-12)/(-32) + 2115/120?
15
Let f = -257 - -308. Calculate the remainder when 51 + 1*(-2 + 1) is divided by 1/(-1)*2/((-6)/f).
16
Suppose 5*d = 5*k - 2175, -5*d - 1021 = 5*k - 3246. Suppose 5 = s - 44. Calculate the remainder when k is divided by s.
48
Let i = -26 - -21. Let p be -2*(2/i - 33/30). Suppose -31 = -5*j - 3*y, 7*y - p*y - 8 = 0. What is the remainder when 8 is divided by j?
3
Let q(a) = -a**2 + 22*a - 2. Calculate the remainder when q(10) is divided by (80/(-200))/(6/(-105)).
6
Let u = -56 + 106. Suppose -i + 22 = -3*n, 2*i - 21 - 3 = n. Calculate the remainder when u is divided by i.
0
Let w(y) = 51*y**2 - 15*y - 2. What is the remainder when w(1) is divided by 10?
4
Let v = 571 + -553. What is the remainder when 71 is divided by v?
17
Suppose -5*v - 10 = -5*y, 0*v - y = 4*v - 2. Suppose v = 21*u - 30*u + 162. Calculate the remainder when 104 is divided by u.
14
Suppose 5*c - 116 = -2*s + 401, 258 = s + 3*c. Calculate the remainder when 517 is divided by s.
256
Let j be ((-567)/42)/(2/(-4)). Let d = j + 63. Suppose -3*l = -9*l + d. What is the remainder when 41 is divided by l?
11
Let t(b) = -b**3 + 34*b**2 + 6*b - 108. Let q be t(34). Let i = 155 - q. Calculate the remainder when i is divided by 21.
17
What is the remainder when (-5510)/(-15) - -1*(5 - (-112)/(-21)) is divided by 8?
7
Let c be 40/(-2)*(-3 - 7). Suppose 4*m - c = 5*y, 0 = -14*m + 9*m - 5*y + 250. What is the remainder when m is divided by 26?
24
Suppose -5*k = -q - 10, -4*q = -8*q - 3*k + 98. Suppose 25 = d - 44. What is the remainder when d is divided by q?
9
Let x(d) = d**2 + 46*d + 82. Calculate the remainder when x(-49) is divided by 46.
45
Let p(u) = 3*u**3 + 29*u**2 - 9*u + 22. Let b = 156 + -97. What is the remainder when b is divided by p(-10)?
11
Let i(y) = -157*y - 183. What is the remainder when 7596 is divided by i(-2)?
129
Suppose 32 - 96 = -m + r, 5*r = -15. What is the remainder when 537 is divided by m?
49
Suppose -11*q + 42 = -5*q. What is the remainder when 1/(25/(-10)) + (-122)/(-5) is divided by 1 - (-12)/q - (-10)/35?
0
Suppose w = 2*b - 2, -4*w - 2*b = -9 - 3. Suppose 405 = 3*n + w*n. Suppose 1137 = 121*f - 2251. Calculate the remainder when n is divided by f.
25
Suppose -220*n + 225*n - 161 = 3*u, -4*u = -n + 5. Suppose 0 = 8*k - 4*k - 732. Calculate the remainder when k is divided by n.
35
Suppose -d + 240 = 4*d. Suppose 3*y = -96 + 102. Suppose 4*s = 4*a + 6*s - 566, -2*s = -y*a + 286. What is the remainder when a is divided by d?
46
Let k = 11215 + -11185. What is the remainder when k is divided by 11?
8
Let j(u) = -5*u**2 + 13*u. Let w be j(3). Suppose -t = -3*t + 28. What is the remainder when t is divided by -6*((-4 - -5) + 14/w)?
6
Let p be (-81)/(-729) + 1/((-9)/(-134)). Suppose -p*x + 13*x + 134 = 0. What is the remainder when x is divided by 17?
16
Let n = 8 + -3. Let m(f) = -n*f**2 + 23 + 16*f + 4*f**2 - 17. Calculate the remainder when m(13) is divided by 23.
22
Let f be (-2)/5 + 496/40 + -12. Suppose 3*c = -6, f = -4*d + 2*d - 5*c + 224. Calculate the remainder when d is divided by 42.
33
Let b = 713 - 596. Let h = -50 + b. Calculate the remainder when h is divided by 39.
28
Suppose 805 - 1693 = -24*c. What is the remainder when (0 - (-3 + 2)) + 72 is divided by c?
36
Suppose -2463*x = -2478*x + 133545. What is the remainder when x is divided by 159?
158
Let c(g) = g**2 + 6*g - 73. Calculate the remainder when c(22) is divided by 77.
4
Suppose -76 = 20*n - 236. Suppose n*r - 212 - 740 = 0. Calculate the remainder when r is divided by 15.
14
Suppose -1014 = -82*v + 954. What is the remainder when 1654 is divided by v?
22
Suppose -221 = -5*f + 479. Let k = 166 - f. What is the remainder when k is divided by 8?
2
Let p(g) = 6*g + 396 - 397 + 6*g**2 + 0*g**3 - 4*g + g**3. What is the remainder when 41 is divided by p(-2)?
8
Let u = 26 - 24. Suppose -5*s + 9 = -u*s. Suppose s*q = 3*p - 102, -2*p - 3*p + 166 = -3*q. Calculate the remainder when p is divided by 7.
4
Let o(k) = -89*k**3 + 2*k**2 + k. Let q be o(-1). Suppose 75*b + q = 74*b. Let l = -45 - b. Calculate the remainder when l is divided by 16.
13
Suppose 5*v = 4*f - 22 - 9, 2*f + 5*v + 7 = 0. Suppose 9*r = 4*r + 4*g + 252, 3*r - 148 = f*g. What is the remainder when 412 is divided by r?
48
Let a = -73 + 37. Let l = a + 63. Suppose 77 - 21 = 4*p. Calculate the remainder when l is divided by p.
13
Suppose -79*q = -83*q - 2*c + 8628, -3*q - 2*c = -6468. What is the remainder when q is divided by 86?
10
Let a(w) = -109*w**3 - 5*w**2 + 48*w + 51. Calculate the remainder when a(-1) is divided by (162/(-90))/(3/(-10)).
5
Let b = 1036 - 894. What is the remainder when 203 is divided by b?
61
Let p be 3*(-18 + 1 - -1). Let x be (-30)/(-4)*p/(-18). What is the remainder when 23 is divided by (-2)/10 + 164/x?
7
Suppose 15*g + 25*g - 37*g - 174 = 0. Let o be (-65 - -1)*(-1)/2. Suppose 0*t = -t + o. What is the remainder when g is divided by t?
26
Suppose -52*m + 945 = -1291. What is the remainder when 104 is divided by m?
18
Let v(b) = b**2 + 29*b + 36. Calculate the remainder when 390 is divided by v(-32).
126
Suppose 38*g + 51 = 55*g. What is the remainder when 286 is divided by g?
1
Let i = 26999 - 26857. What is the remainder when i is divided by 59?
24
Let r = -2667 + 2812. Calculate the remainder when r is divided by 138.
7
Suppose 5*a = 8*a + 2*u - 99, -5*a + 170 = 5*u. Let j(t) = 2*t + 22. Calculate the remainder when a is divided by j(-3).
15
Suppose -2*h - 12 = -5*h. Suppose -4*j - 720 = y - 5*y, 0 = -3*y - 3*j + 546. Let i = y + -169. Calculate the remainder when i is divided by h.
0
Let m = 665 + -136. Let g = 599 - m. What is the remainder when 204 is divided by g?
64
Let u(i) = 138*i - 4430. Calculate the remainder when u(56) is divided by 60.
58
Suppose 135 + 2961 = 12*h. What is the remainder when h is divided by 53?
46
Suppose -26*q + 3*q + 17949 = 170*q. What is the remainder when 347 is divided by q?
68
Suppose -5*d + 324 + 136 = 3*u, -3*d = -15. Let t be ((-1)/(-1) - u/(-20))*-8. Let b = -59 - t. What is the remainder when 20